p be 4/22 - ((-40)/22 + -3). Suppose -k + 30 = -4*n, 4*k - p*n - 180 = -k. Calculate the highest common divisor of k and 95.
19
Suppose 2*h + 0*h = -52. Let z = -16 - h. What is the greatest common divisor of z and 2?
2
Let w be 5/(3/30 + 0). Let t = w - 30. Suppose -5*d = -15 - 10. What is the highest common divisor of t and d?
5
Let n be 4 + -1 + 85 + -32. Calculate the highest common factor of n and 56.
56
Suppose -62*w + 9015 - 2691 = 0. Calculate the greatest common divisor of w and 357.
51
Let f be 1/(((-34)/(-12) - 3)*-2). Suppose 2*x - 24 = f*h - 7*h, 36 = 4*h - x. Suppose 0*o = 5*o - 440. Calculate the greatest common divisor of o and h.
8
Suppose 237*o - 2196 = 233*o. Calculate the greatest common factor of 61 and o.
61
Let m = -4 + 12. Let i be (52/m)/(1/2). Suppose 425 = 4*d + 61. What is the greatest common factor of d and i?
13
Let u(q) = -q**3 - q**2 + 11*q - 15. Let r be u(-6). What is the greatest common divisor of 55 and r?
11
Let l(h) = 17*h - 198. Let x be l(12). What is the highest common factor of x and 93?
3
Let m be -4*4/(-4) - 0. Let f(h) = -h**2 + 16*h. Let z be f(m). Calculate the highest common divisor of 4 and z.
4
Suppose -8*s = -s + 399. Let h = -36 - s. Calculate the highest common divisor of 42 and h.
21
Suppose 0 = -10*b + 8*b + 134. Calculate the greatest common factor of b and 268.
67
Suppose -3*p + 2*h + 0*h + 2374 = 0, 4*p - 3170 = -2*h. What is the highest common factor of p and 18?
18
Suppose 152 + 268 = 21*d. Suppose -6*t = -3*t - 12. Suppose t*g - 400 = 2*g. What is the highest common factor of g and d?
20
Let d be (-1)/((-2)/(-42))*(12 + -17). Suppose 2*v - 21 - 19 = -o, 3*v + d = 4*o. What is the greatest common factor of 12 and o?
6
Suppose 0 = 5*d - 0*d - 2000. Let o be ((-30)/25)/((-2)/d*3). Let n = 14 + -4. What is the highest common factor of o and n?
10
Let i = -13 + 46. What is the greatest common factor of 242 and i?
11
Suppose -4*j = -7*j + 42. Let m be (-4 + j)*4/(-10). Let t be ((-2)/m)/((-5)/(-30)). What is the greatest common divisor of t and 2?
1
Suppose 0 = -148*b + 151*b - 15. Let h = -34 + 54. Calculate the highest common factor of h and b.
5
Let m(w) = -43*w - 1. Let h be m(-4). Let j = -99 + h. Suppose -264 = -4*v - j. Calculate the greatest common factor of v and 6.
6
Let j(n) = 2*n**2 - 19*n - 118. Let a be j(-6). Calculate the highest common factor of a and 1836.
68
Let b be 12/(-1 + (-17)/(-14)). Suppose -83 = -7*d - 27. What is the highest common factor of b and d?
8
Let j = -674 - -1623. Calculate the greatest common divisor of j and 13.
13
Suppose -2*d + 480 = 2*d. Calculate the highest common factor of 48 and d.
24
Suppose -2*h = -5*y + 97, h = -3*y + 2*y - 59. Let s = 68 + h. Let p = -68 + 116. What is the highest common divisor of p and s?
12
Let d = -32 + 29. Let v be (1/(-3))/(d/36). What is the highest common divisor of 4 and v?
4
Suppose -95 = -2*k + u, -k - u = -3*u - 43. Suppose d + 0 = k. Let w be 21/(-3)*4/(-4). Calculate the highest common factor of w and d.
7
Let r be (-7)/(-42) + 22/12. Suppose r*d + 0*d - 2*l - 24 = 0, 2*d - 36 = -2*l. Let n = d - 6. Calculate the greatest common factor of 36 and n.
9
Let v = 19 + -17. Suppose 0 = b - v*b. Suppose 180 = 5*g - b*g. Calculate the highest common factor of g and 4.
4
Suppose 3*j - j = -3*f + 292, -3*j = -3*f + 282. What is the highest common divisor of 64 and f?
32
Suppose 24*m = 152 + 136. Calculate the greatest common factor of 30 and m.
6
Let u(a) = a**2 + 29*a + 18. Let i be u(-30). Calculate the greatest common factor of i and 176.
16
Let f(a) = 7*a - 198. Let s be f(29). Calculate the greatest common factor of 320 and s.
5
Suppose 6*y - 10*y = -4*d + 568, -719 = -5*d - 4*y. Calculate the highest common factor of d and 99.
11
Let d(s) = -s**3 - 6*s**2 + 5*s - 10. Let r be d(-7). Suppose 0 = r*u - 5 - 11. Let a be (u + 1)*(-2)/(-5). What is the greatest common divisor of 18 and a?
2
Let n = 35 - -15. Suppose 0 = 2*p - 3*i - 28, -3*i - n = -5*p + 2. Calculate the highest common factor of p and 72.
8
Let h be -1*7/((-7)/(-22)). Let q = h + 27. Suppose 0 = 4*m - 5*d + d - 140, -4*d - 110 = -3*m. Calculate the highest common factor of q and m.
5
Let i be 18/(-5) - (-16)/(-40). Let v be (3 - 23)/i + -4. Suppose -2*n + 23 + v = 0. Calculate the greatest common factor of n and 132.
12
Suppose 169 = 3*s + z, -8*s + 4*z + 220 = -4*s. What is the highest common factor of s and 392?
56
Let r(j) = 2*j**2 - 2*j - 6. Let u be (8/6)/((-4)/(-9)). Let q = u - 6. Let t be r(q). What is the highest common factor of 12 and t?
6
Let q(t) = 80*t + 40. Let x be q(5). What is the greatest common divisor of 55 and x?
55
Let q be (6/(-2) + -12)*800/(-30). Calculate the highest common divisor of 50 and q.
50
Let y(a) = -3*a + 10. Let p be y(4). Let l be p/(-4)*(-133 - -1)/(-1). Calculate the greatest common divisor of l and 44.
22
Let z(u) = 11*u - 78. Let p be z(8). What is the greatest common factor of p and 145?
5
Let w(q) = -q**2 + 10*q - 7. Let l be w(9). Suppose 0 = 5*v - l*v - 15. Suppose 0 = -v*p + 10 + 45. Calculate the greatest common divisor of 55 and p.
11
Suppose -59*w = -4316 - 876. Let f(y) = 2*y**3 - 3*y**2 + y + 2. Let c be f(2). Calculate the highest common factor of c and w.
8
Suppose 9*i + 1912 = 9400. What is the greatest common divisor of i and 13?
13
Let j = -40 - -66. Let o be -3 + 111 - 144/36. What is the highest common divisor of o and j?
26
Let q(j) = 2*j**3 - 39*j**2 - 19*j + 43. Let x be q(20). What is the highest common divisor of x and 1386?
63
Suppose -3*q - 210 = -2*l - 5*q, 5*l = q + 507. Let f = l - 87. Calculate the greatest common divisor of f and 5.
5
Let f(w) = w**3 - 30*w**2 + 64*w + 37. Let s be f(28). Calculate the greatest common divisor of 29 and s.
29
Let w(i) = -i**3 + 7*i**2 + 8*i + 9. Let n be w(8). Let u be (-11 + n)/((-1)/8). What is the highest common divisor of 4 and u?
4
Suppose 9*o - 3*o = 6. What is the highest common factor of o and 2?
1
Let o be -3 - ((-4)/(-10) + (-66)/15). Suppose 0*h + 5*h - 15 = 0. Calculate the greatest common factor of o and h.
1
Let v = 1725 + -1697. Calculate the highest common divisor of 1988 and v.
28
Suppose 4*n - 116 = -0*p + 5*p, 92 = 4*n + p. Suppose 0 = -3*z + 3, -3*z - 80 = -2*s + 397. Calculate the highest common divisor of s and n.
24
Let s be 4*(-3 + 4) + -2. Suppose -s*z + m + 150 = -3*m, 5*m + 228 = 3*z. Calculate the greatest common factor of z and 9.
9
Let q(u) = -9*u - 56. Suppose 4*t - 56 = 5*s, -4*t = 5*s + 7 + 17. Let j be q(s). What is the greatest common divisor of j and 40?
8
Let w = 267 + -252. What is the highest common divisor of 115 and w?
5
Let u be -9*(-5)/15 + 767. Let g be (u/(-15))/((-6)/9). Let s = -10 - -21. Calculate the highest common factor of s and g.
11
Let o = 698 - 1208. Let u be (-5 - o/6)/1. Calculate the highest common divisor of u and 5.
5
Let b(v) = 9*v**3 - 3*v**2 - v + 6. Suppose 3*j - 21 = -3*w, -j + 3*j = 4*w - 16. Let i be b(j). Calculate the greatest common divisor of 4 and i.
4
Suppose 2027 = 3*l + w, -21*w = 3*l - 17*w - 2033. Calculate the highest common factor of 100 and l.
25
Let l(n) = -n**3 + n**2 + n + 6. Let x be l(0). Let i = 280 + -281. Let q be 3/(x*i/(-112)). What is the greatest common factor of 14 and q?
14
Let l be 27/12*(-308)/(-21). What is the greatest common factor of 264 and l?
33
Let y(m) = 2*m**2 + 45*m + 28. Let b be y(-22). What is the highest common divisor of 1 and b?
1
Suppose -53*t + 101 = -52*t. Let r = 142 - 207. Let g = r + t. Calculate the greatest common divisor of g and 9.
9
Let y(p) = 52*p**2 - 31*p - 32. Let n be y(-1). Calculate the highest common factor of 24 and n.
3
Let h(m) = -3*m**3 - 2*m - 2. Let z be h(-2). Suppose -3*l = b - 21, 0*b + 2*b - z = -2*l. What is the highest common divisor of 63 and b?
9
Let h = -557 - -2307. Calculate the greatest common factor of h and 10.
10
Suppose 0 = 16*l - 18*l + 36. Suppose -3*j + 4 = -392. Suppose -42 = y - j. Calculate the highest common factor of l and y.
18
Suppose 3*o - o - 8 = 0. Suppose -o*i + 36 = -5*b, 0*b + 86 = 5*i + 4*b. What is the highest common factor of 2 and i?
2
Suppose 0 = -6*o + 3*o + 12. Suppose -o*p + 39 = -141. Calculate the highest common factor of p and 15.
15
Let l(d) = -3*d + 1. Let g be l(-1